ctor of l and 144.
16
Let s be 3*(3976/(-12))/(-7). Let w = s - 124. Calculate the highest common divisor of 162 and w.
18
Let j = 4168 + -1669. What is the greatest common divisor of j and 51?
51
Let i(y) = 4*y - 63. Let f be i(21). Calculate the greatest common divisor of f and 3.
3
Let v be ((-1342)/4)/(7 - (-75)/(-10)). What is the greatest common divisor of v and 22?
11
Suppose 0 = -894*r + 897*r - 51. Calculate the greatest common divisor of 527 and r.
17
Let u(h) = -h + 3. Let q be u(0). Suppose 0 = r - q*r - 2*y + 4, -2*r + 1 = -y. Calculate the highest common factor of 9 and r.
1
Suppose o - 13 = 17. Let b be o*(-2 + (-32)/(-12)). Let d = 168 - 88. Calculate the highest common factor of d and b.
20
Suppose 4*r + 5*w - 4 = -11, 4*r = w + 11. Let c be 2/(62/30 - r). Let s = -46 - -66. Calculate the highest common divisor of c and s.
10
Let a(t) = -3*t. Let z be a(-2). Let c be 862/z + (-14)/21. Let l = -75 - -88. Calculate the greatest common divisor of l and c.
13
Let q = 491 + -128. Calculate the highest common divisor of q and 44.
11
Let x = -374 + 379. What is the highest common factor of 105 and x?
5
Let q(p) = 13 - 10 + 2*p + 7*p + 21. Let s be q(6). What is the greatest common factor of s and 6?
6
Suppose -11*v = -7*v - 8. Let o be (-1530)/(-35) + v/7. What is the greatest common factor of o and 4?
4
Let x(i) = -i**3 + 10*i**2 - 6*i - 3. Let f be x(6). What is the highest common factor of f and 147?
21
Let q(i) = 2*i + 17. Let a be q(-7). Suppose -a*n - 2*m = 7, 0*n + 5*n + 2*m = -5. What is the highest common factor of n and 1?
1
Suppose -4*u = -0*u - 264. Suppose 12*k - 18*k + 264 = 0. Calculate the greatest common divisor of k and u.
22
Suppose 32 = 5*z - 3*z. Let g = -8 + 13. Suppose -g*s = -s - 2*f - 570, -4*f + 444 = 3*s. What is the highest common divisor of s and z?
16
Let g be (4/4 + 8)/1. Suppose 64 = g*j - 5*j. Suppose -w = -7 - j. What is the greatest common factor of w and 115?
23
Let l = -9 - -13. Suppose -l*b + 5*a = -196, -b - 92 = -3*b + a. Let x be 33/(-4 - b/(-8)). Calculate the greatest common divisor of 22 and x.
22
Let r(y) = y**3 + 5*y**2 - 5*y - 26. Let o be r(-3). What is the highest common divisor of o and 168?
7
Suppose 3*j + 9 = 3*a - 0*a, 3*a + 4*j = 2. Suppose -3*t - 3*l = 2*l + 133, a*l = -2*t - 86. Let n = t - -116. What is the highest common divisor of n and 15?
15
Let r be (-28 - -27) + (0 - -17). What is the highest common factor of 752 and r?
16
Let p be ((-19)/4)/((-46)/2208). Calculate the greatest common factor of 304 and p.
76
Suppose 4*f + 2*f = 126. Let h be 6 - -1 - (-22 + 22). What is the highest common divisor of f and h?
7
Let z(c) = 2*c + 2. Let y be z(-4). Let u be ((-21)/y)/((-14)/16 - -1). Calculate the greatest common divisor of 56 and u.
28
Let c be (-2)/6 - (-92)/6. Let j be (280/(-147)*3 - (-8)/(-28)) + 21. What is the greatest common divisor of c and j?
15
Let f = 688 - 662. Calculate the highest common divisor of f and 104.
26
Suppose 6*a - 13*a + 889 = 0. Let q = a + -85. What is the highest common factor of 56 and q?
14
Let s = -72 + 179. Let l = s + -68. What is the highest common factor of l and 13?
13
Let u = -46 + 69. Calculate the highest common divisor of 46 and u.
23
Suppose -c = -d + 5 + 2, -3*d - 7 = 4*c. Let w be 206/10 + d/(-5). Let y be 12/w + 87/5. What is the greatest common divisor of 2 and y?
2
Suppose -3*x + 1 = -2*x, -x + 262 = 3*u. Let l be (-4 + 8)*u/(-12). Let s = -17 - l. What is the greatest common factor of 12 and s?
12
Suppose 32*k - 26*k = 270. What is the highest common divisor of 120 and k?
15
Suppose r = 4*j - 25, j + j - 5 = -r. Suppose -3 + 73 = j*q. What is the highest common factor of 98 and q?
14
Suppose k - 5 = -5*u + 46, -3*u = -4*k + 89. Calculate the highest common divisor of k and 2.
2
Let s(c) = 13*c**2 + 13*c - 11. Let z be s(1). What is the greatest common factor of z and 555?
15
Let k be 3/(-12) + (603/12 - 3). Suppose 3*z = k + 46. Let n be (93/4)/(4/16). What is the greatest common divisor of z and n?
31
Suppose 0 = 5*n - 30, 4*n - 40 = 618*v - 622*v. Suppose 0 = -2*w - w - 36. Let d be (2 + (-8)/3)*w. What is the highest common divisor of d and v?
4
Suppose 7*j - 918 = 762. Calculate the greatest common factor of j and 24.
24
Let r = -110 + 114. Let q = 50 - 30. What is the highest common factor of r and q?
4
Let u be ((-26)/(-4))/((-2)/4). Let f(n) = -n**3 - 11*n**2 + 27*n + 25. Let t be f(u). What is the highest common divisor of 4 and t?
4
Suppose 2*p - 130 = -50. What is the highest common factor of p and 320?
40
Let x = -1838 - -2124. Calculate the highest common divisor of 22 and x.
22
Let i(b) = 3*b - 17. Let z be i(10). Calculate the greatest common factor of z and 351.
13
Suppose 12*n + 2*l - 1348 = 8*n, -5*n - l + 1682 = 0. What is the highest common divisor of 48 and n?
48
Suppose 3*x - o - 3*o - 92 = 0, -2*o = -2*x + 62. Let u = -100 + 112. Calculate the highest common divisor of u and x.
4
Suppose -x = 3*f - 279, 7*f - 3*f - 2*x = 382. What is the greatest common divisor of f and 141?
47
Suppose 7 + 11 = 2*z. Let x = z + -29. Let r = 62 + x. What is the highest common divisor of r and 21?
21
Let i(p) = -p**3 + 28*p**2 + 123*p + 4. Let v be i(-4). Let t = -121 + 181. Calculate the greatest common divisor of v and t.
12
Let u(x) = 6*x + 152. Let y be u(-14). What is the highest common divisor of 4 and y?
4
Suppose -2*w + 520 = -5*r, 0*r - w - 217 = 2*r. Let m = 238 + r. Calculate the greatest common divisor of m and 12.
12
Suppose 13*o = 17*o - 440. Suppose -10 = -3*p + o. What is the highest common divisor of 10 and p?
10
Let v be (28/10)/((-2)/(-20)). Let o = 148 + -134. What is the greatest common factor of o and v?
14
Suppose -6*a + 3*a = -5*w - 568, a = -2*w + 204. What is the highest common factor of a and 7?
7
Let y be (3 + (-1 - -1))*(90 - 3). Calculate the greatest common factor of 29 and y.
29
Let i = -26 + 54. Let z be 150/2 + -8 + 6. Suppose -3*y + z = -137. What is the greatest common factor of i and y?
14
Suppose 3*o = 5*i - 16, i = -2*o - 3 + 1. Calculate the greatest common divisor of i and 32.
2
Suppose 7*a - 463 = -246. What is the greatest common factor of 961 and a?
31
Suppose -237 - 19 = -4*s. Suppose 2*m = 8, -4*v - m + 4*m = -s. Suppose 11 + v = 5*z. Calculate the highest common divisor of 54 and z.
6
Let r be 1 - 1 - -5 - (-222)/6. Calculate the highest common factor of 189 and r.
21
Let p be ((-2)/3 - 56/(-12))*1. Calculate the greatest common factor of p and 72.
4
Let p be 16/(-6)*(-15)/2. Suppose -6*u = p - 2. Let k be 99 - (4 + u)*0. Calculate the greatest common factor of 9 and k.
9
Let b be 2*37/2*1. Let a = 14 - 36. Let g = a + b. What is the highest common divisor of g and 105?
15
Suppose 5*s = 2*i - 2 - 19, -12 = -i + 3*s. Let k(f) = f**3 + 56*f**2 - 175*f + 175. Let b be k(-59). Calculate the greatest common factor of i and b.
3
Suppose -135 + 783 = 4*k - 5*w, -467 = -3*k - w. Suppose k = 5*f - 8. Calculate the greatest common factor of 11 and f.
11
Suppose -2*o + 6 = -o. Let g be (-4)/6 - (-4)/o. Let w(y) = -2*y + 17. Let r be w(g). What is the highest common divisor of r and 85?
17
Suppose -5*y - v + 268 = 0, 196 = 3*y - 4*v + 26. Suppose 2*f + f + 3*n = 9, 5*n + 15 = 0. What is the greatest common divisor of y and f?
6
Let v(t) = t**2 - 4*t + 7. Let h be v(6). Let r be -42*15*2/(-7). Suppose -h*a + r = -14*a. What is the highest common factor of 24 and a?
12
Let r(z) = -4*z - 22. Let h be r(-8). Let g(q) be the second derivative of 7*q**3/3 - 3*q**2 - q. Let x be g(4). What is the greatest common divisor of h and x?
10
Let l(b) = b**3 - 6*b**2 + 46*b + 64. Let h be l(13). What is the highest common divisor of 45 and h?
45
Let n = 29 - 31. Let w = 3 - n. What is the greatest common divisor of w and 5?
5
Suppose -639*k = -616*k - 23. Calculate the highest common factor of 345 and k.
1
Suppose -15*g - 2269 = -6454. Calculate the highest common divisor of 31 and g.
31
Suppose 3*p - 2 = -11, -219 = -3*m - p. Calculate the highest common factor of m and 703.
37
Suppose -19*k + 20 = -17*k. Let a = k - -4. Calculate the highest common divisor of 14 and a.
14
Let b = -25 - -35. Let l be 60/24*22*(-1 - -2). Suppose -w = 5*t - l, -t + 0*t = -w + 73. What is the greatest common factor of